49924329 a prime number?
True
Is 88136651501 composite?
False
Is 3066422857 composite?
False
Is 1686260057 a composite number?
False
Is 8548826999 a prime number?
True
Is 1278205301 a composite number?
True
Is 66875933 composite?
False
Is 511844639 composite?
False
Is 35881466601 composite?
True
Is 6506547911 composite?
False
Is 249086777351 a prime number?
False
Is 466563199 a prime number?
True
Is 1607002835 composite?
True
Is 9313661194 a composite number?
True
Is 256423279 a composite number?
True
Is 599414549 a composite number?
False
Is 9983098877 a composite number?
False
Is 284143159 prime?
True
Is 232890377 a composite number?
True
Is 7745927317 a composite number?
False
Is 100249109 a prime number?
False
Is 27313353593 composite?
True
Is 1514572219 prime?
True
Is 3471535523 a prime number?
False
Is 35336549 a composite number?
False
Is 635571427 prime?
True
Is 1822792199 prime?
True
Is 16060382357 a prime number?
True
Is 207041563 composite?
False
Is 149219177 composite?
False
Is 2625993593 a prime number?
True
Is 786935161 a prime number?
False
Is 30996042043 a composite number?
False
Is 83610103449 composite?
True
Is 10674961237 composite?
True
Is 3513512306 prime?
False
Is 3413240911 a prime number?
True
Is 174151037 composite?
False
Is 154218973 a prime number?
True
Is 768134993 composite?
False
Is 11584295591 a composite number?
True
Is 582966389 prime?
False
Is 85239603743 composite?
True
Is 3361788643 composite?
False
Is 12940985107 prime?
True
Is 5970390971 a prime number?
False
Is 506689714 composite?
True
Is 57383057 prime?
True
Is 1994089989 a composite number?
True
Is 3664226303 a composite number?
True
Is 167664527 composite?
False
Is 20494139 composite?
False
Is 1972044069 prime?
False
Is 171985987 a composite number?
False
Is 221632603 a composite number?
False
Is 8968020589 prime?
False
Is 312818139937 composite?
False
Is 1129638811 a prime number?
False
Is 3686067383 a composite number?
False
Is 125612943163 composite?
True
Is 497996771 prime?
False
Is 583250111 prime?
True
Is 81003467 composite?
True
Is 264822407 prime?
True
Is 3965834293 prime?
True
Is 221489009941 a composite number?
True
Is 40344307 prime?
False
Is 4128266903 a prime number?
True
Is 2154747593 composite?
False
Is 2245274963 a composite number?
False
Is 829688443 prime?
True
Is 2875684499 composite?
True
Is 12573309343 composite?
True
Is 2985003443 prime?
False
Is 47950444433 a prime number?
False
Is 13618464133 prime?
True
Is 3881599853 a composite number?
True
Is 31854636559 composite?
False
Is 2602630661 a prime number?
True
Is 185770522631 a composite number?
False
Is 3073466153 composite?
False
Is 680273983 composite?
True
Is 214376389 a composite number?
False
Is 43696129 prime?
False
Is 8251672651 prime?
True
Is 9462765227 composite?
False
Is 1886283053 a prime number?
False
Is 33291460255 prime?
False
Is 6666537571 a composite number?
False
Is 1114416973 prime?
True
Is 4173233947 a composite number?
False
Is 27943409917 prime?
False
Is 23212697523 a composite number?
True
Is 70375140593 composite?
False
Is 65229180095 composite?
True
Is 233410963 composite?
False
Is 14062312211 a prime number?
True
Is 5563045109 a composite number?
True
Is 214860553 a composite number?
False
Is 32833785041 prime?
False
Is 943172917 prime?
True
Is 55926064889 a prime number?
True
Is 12361536449 composite?
True
Is 267617369 prime?
False
Is 7641834043 a prime number?
False
Is 8029232303 a composite number?
True
Is 108982325027 a prime number?
True
Is 639678679 a composite number?
True
Is 118499358797 a prime number?
True
Is 1833042587 a prime number?
True
Is 3877930901 prime?
False
Is 70055705498 a composite number?
True
Is 7982201 prime?
True
Is 2165809111 composite?
True
Is 1447901071 a prime number?
True
Is 11578655287 a composite number?
True
Is 27044121547 composite?
False
Is 53438783287 composite?
False
Is 465560892163 prime?
True
Is 69139610951 a prime number?
True
Is 30869642273 composite?
False
Is 68001596879 prime?
False
Is 60855437 composite?
False
Is 13167792499 a prime number?
False
Is 34550349811 a prime number?
True
Is 408273079 a prime number?
False
Is 9750112027 prime?
True
Is 1452656113 prime?
False
Is 92356763 prime?
True
Is 623356297 composite?
True
Is 1248150206 composite?
True
Is 1245532619 a composite number?
False
Is 48397196921 a composite number?
True
Is 1585857457 composite?
False
Is 61651016957 a composite number?
False
Is 702104439 prime?
False
Is 838541603 composite?
True
Is 2371312813 a prime number?
False
Is 514404511 a prime number?
True
Is 160496321 composite?
True
Is 4947320591 composite?
False
Is 631232429 a prime number?
True
Is 920356253 composite?
False
Is 920698423 prime?
False
Is 12676005371 prime?
False
Is 3898441739 a composite number?
True
Is 8842003 composite?
True
Is 5766492469 prime?
True
Is 143079455719 prime?
True
Is 940812241 a composite number?
False
Is 3741551441 a prime number?
False
Is 2276535043 composite?
False
Is 199968139 prime?
False
Is 52435738391 a prime number?
False
Is 85532569 a composite number?
False
Is 620501521 a composite number?
True
Is 7874407169 a prime number?
True
Is 3609411599 a composite number?
False
Is 2428870259 a prime number?
True
Is 3003366679 a prime number?
True
Is 1354611029 a prime number?
True
Is 318410813 a composite number?
True
Is 4863173573 prime?
True
Is 1797459207 prime?
False
Is 1121586337 a composite number?
False
Is 7517769739 prime?
True
Is 886847147 a prime number?
True
Is 12005725327 a prime number?
True
Is 12296476253 a prime number?
False
Is 512448709 a composite number?
True
Is 16642145519 prime?
True
Is 63018194353 prime?
False
Is 5868733303 a composite number?
False
Is 217123461451 composite?
True
Is 4141180159 a composite number?
True
Is 1250291541 a composite number?
True
Is 33081839306 prime?
False
Is 80375970599 composite?
False
Is 6464342798 prime?
False
Is 3181433147 a composite number?
True
Is 1118165099 composite?
False
Is 3533834329 a composite number?
False
Is 1690698137 prime?
False
Is 3106671979 prime?
False
Is 39621144763 a prime number?
False
Is 2862747985 a prime number?
False
Is 3474364177 a composite number?
True
Is 1198651277 prime?
False
Is 3693822443 a composite number?
True
Is 8748942121 prime?
True
Is 18445082951 a prime number?
True
Is 16417385203 a composite number?
False
Is 1301213717 composite?
False
Is 984105593 a prime number?
False
Is 1713087743 a prime number?
True
Is 3462187793 a composite number?
True
Is 5795156017 a composite number?
True
Is 2788080353 a prime number?
True
Is 320858779 a composite number?
True
Is 2613517157 a composite number?
False
Is 201514887377 a prime number?
True
Is 658634021 a prime number?
False
Is 8500721 composite?
True
Is 224674451 prime?
False
Is 12468572867 a prime number?
True
Is 125830037 prime?
True
Is 3111194489 a composite number?
True
Is 998173093 a prime number?
True
Is 2845476451 composite?
False
Is 649018103 a composite number?
True
Is 508035673 a prime number?
True
Is 3523650595 prime?
False
Is 703315987 a composite number?
True
Is 386645849 composite?
False
Is 11568968101 composite?
True
Is 4608897221 composite?
True
Is 55290751311 prime?
False
Is 719401663 composite?
False
Is 6452846711 prime?
True
Is 4068019183 a prime number?
True
Is 2546889671 a composite number?
False
Is 53203601519 composite?
True
Is 26532241823 prime?
True
Is 2958354137 prime?
False
Is 356747491 a composite number?
False
Is 9652471553 prime?
True
Is 28634351249 a composite number?
True
Is 36912397 prime?
False
Is 1829810167 a composite number?
False
Is 1916256767 composite?
True
Is 33206489497 a prime number?
False
Is 12193639667 composite?
True
Is 25529103469 a composite number?
False
Is 73372954667 a prime number?
False
Is 5520893659 composite?
True
Is 62651233 a composite number?
True
Is 1150591801 composite?
False
Is 155052090079 prime?
True
Is 10198796033 prime?
True
Is 440321311 a prime number?
False
Is 4150199489 a composite number?
False
Is 8318587327 a composite number?
False
Is 13180811737 a composite number?
True
Is 10798933799 composite?
False
Is 3021686819 a composite number?
True
Is 81263255617 composite?
True
Is 3319317223 prime?
True
Is 5497164131 prime?
False
Is 866580067 prime?
True
Is 21